 44 = 4*h, -2*h + 2*q - 2 = 0. Suppose -3*y + 0 = -6. Let v(w) = -3*w**2 - 2 + 0*w**3 + w**3 + 0*w**y + 2*w + 0*w. Give v(h).
-2
Let c(r) be the first derivative of r**4/4 + 4*r**3/3 + r**2/2 + 25*r + 2302. What is c(-5)?
-5
Let k(r) = 28*r - 249. Let i(o) = o**3 - 17*o**2 - 32*o - 105. Let p be i(19). What is k(p)?
3
Let o(q) = 4*q**2 - 2*q + 1. Let i be ((-9)/(-18))/((-1)/(-6)) - -2. What is o(i)?
91
Let s(j) = -j**3 + 7*j**2 - 8*j + 9. Let h = -1921 + 1926. What is s(h)?
19
Let v(y) = -15*y - 19. Suppose 3*k - 30 = 5*h - 8*h, -4*h + 7 = -7*k. Give v(k).
-64
Let j(v) = v**2 + 7*v + 8. Let x be j(-6). Let d be ((-220)/88)/(x/4). Let h(r) = r**3 + 5*r**2 + r - 7. Determine h(d).
-12
Suppose i - 10 = -7. Let t(d) = 4*d**2 - 6. Let p(g) = 3*g**2 - 5. Let n = 4 + -9. Let x(a) = n*p(a) + 4*t(a). What is x(i)?
10
Let m(o) = 8*o + 1. Suppose 25 = -5*y, 3*l - 728 = -2*y - 231. Let i = -166 + l. Give m(i).
25
Let k(o) be the first derivative of -5/2*o**2 + 5*o + 64 - 1/3*o**3. Calculate k(-8).
-19
Let k be (2/3)/((-3)/9). Suppose 33 = -11*q + 22*q. Let y(c) = 2*c**2 + 20*c**q - 18*c**3 - 9 + 8. Determine y(k).
-9
Suppose 4*o = 4*c - 4, -4*o + 3*c - 15 = -9. Let u(b) be the second derivative of -b**4/3 - 5*b**3/6 - 2*b**2 - 3*b. Determine u(o).
-25
Suppose -25 = -3*g + j, 4*g - 6*j = -11*j + 8. Let u(s) = -s - 24. Give u(g).
-31
Let h(g) = -2*g**3 - 3*g**2 - g + 2. Suppose -143 = -0*l - 44*l - 11. Determine h(l).
-82
Let r(g) = 19*g - 67 - 23 + 88 + g**2. What is r(-19)?
-2
Suppose -39*v = -25*v + 11 - 53. Let w(o) = 4*o**2 - 10*o + 9. Give w(v).
15
Let l(a) = a**3 - a**2 - 8. Let z(t) = 590*t + 599*t - 1184*t + 25. Let u be z(-5). Determine l(u).
-8
Let s(d) be the third derivative of -d**5/30 + d**4/12 - 7*d**3/3 - 524*d**2. Determine s(0).
-14
Let o = 30 + -26. Let c(i) = -5*i**2 + 4*i**2 - i**2 + 3 - o. Let h be 1*(-5)/(30/(-12)). Calculate c(h).
-9
Let n be 20 + -19 - (10 - -5)/5. Let b(o) = -29*o - 7. Give b(n).
51
Let l(o) = -o**3 + 2*o**2 + o + 7. Let k = 5906 - 5903. What is l(k)?
1
Let k = 9186 - 9185. Let a(i) = -6*i**3 - i + 1. Determine a(k).
-6
Let q(n) = -3*n - 315 - 3*n**2 - 9*n + 2*n**2 + 274. Calculate q(-4).
-9
Let n be 4 - (-2 - 12/(-3)). Let r(z) = -3 + 4*z**2 + z**2 - 10*z + 3*z**n + 0 + z**3. Let c be (1 + 3/(-9))/(2/(-27)). Determine r(c).
6
Let s(z) = z**2 - 11*z + 14. Let q be (-141)/(-27) + -5 - 4/18. Suppose 10*y - 62 - 38 = q. What is s(y)?
4
Let v(d) be the first derivative of -d**2/2 + 8*d + 1. Let h be (-2)/8 - (59/(-1121) + 395/(-76)). Calculate v(h).
3
Let x be (-22)/(-55) + (-2)/(-10)*-2. Suppose x = 4*c - 0*c - 28. Suppose 35 = c*o - 2*o. Let j(l) = -l**2 + 5*l + 5. Determine j(o).
-9
Let i(s) = -7 - 69*s - 7 + 135*s - 75*s - 1. What is i(-8)?
57
Let y(b) be the first derivative of -b**4/4 + 4*b**3/3 - 7*b**2/2 + 13*b - 1247. Give y(3).
1
Let c(l) be the first derivative of l**5/20 - 3*l**4/4 - l**3/6 + 9*l**2/2 - 27*l - 47. Let o(k) be the first derivative of c(k). Give o(9).
0
Suppose 6145*l - 1595 = 5826*l. Let g(m) = 4 - 2 - 2*m**2 + m**3 - m - 3*m**2. Determine g(l).
-3
Let n(r) be the third derivative of r**6/120 - r**5/60 - r**4/12 - r**3/2 + r**2 - 273*r. Give n(-1).
-3
Let y be (-1 - (1 + -4))*1. Suppose -y*a - 27 = 3*m, 2*a - 7 - 6 = 5*m. Let c(v) = -64 - 62 + v**2 + 6*v + 128. Give c(a).
2
Let x(j) be the second derivative of j**5/20 + 5*j**4/12 - 5*j**3/6 - 9*j**2/2 - 11665*j. Calculate x(-6).
-15
Let v(h) = h**3 + 4*h**2 - 5*h + 1. Let t(a) = a**2 + 1. Let g(k) = t(k) + v(k). Let r(s) = 72*s - 275. Let l be r(10). Let j = 439 - l. Calculate g(j).
-4
Let p(j) be the first derivative of j**2 - 5*j + 52. Let y(f) = -2*f + 5. Let z(r) = 4*p(r) + 3*y(r). Let g(c) = 1. Let s(i) = 2*g(i) + z(i). Give s(4).
5
Let d(x) = -6778 + 2871 + 36*x + 3324. Calculate d(16).
-7
Let l = 258 - 363. Let m = l + 99. Let d(g) = g**2 + 7*g + 9. What is d(m)?
3
Let r(h) = 9*h**2 + 523*h - 28. Let x(g) = -5*g**2 - 286*g + 15. Let m(n) = 6*r(n) + 11*x(n). Suppose 0 = -2*s - 3*k - 3, 3*k - 87 + 27 = 5*s. Calculate m(s).
-12
Let r(a) = -10 - 14*a - a + 16*a**2 - 9*a**2 + 5*a - 6*a**2. Calculate r(10).
-10
Let v be 101/7 - ((-456)/(-84) + -6). Let n(w) = -v + 4*w**3 + 5*w**3 + 14 - 3*w**3 - w. Let o = 1 - 2. Determine n(o).
-6
Let d(q) = q - 6. Let g(a) = a - 6. Suppose 4*z + 2 = 2*s - 2, 0 = -z + 1. Let f(k) = s*d(k) - 3*g(k). Suppose 0 = 2*c + 3 - 13. Give f(c).
-1
Let q(w) = 5*w**2 + 13*w - 7*w - 6*w**2 - 8. Let u be 4/(-14) + 74/14. Suppose 0*h = u*h - 35. Determine q(h).
-15
Let s(d) = 14*d - 71. Let z = -3494 + 3499. Determine s(z).
-1
Let d(g) = g + g**2 - g**2 - 26*g**3. Let z be -28 + (-28)/(-644)*667. Determine d(z).
-25
Let s(m) = 57*m + 58 - 116 + 75 - 43*m - m**2. Determine s(14).
17
Let r(x) = -x**3 - 4*x**2 + 2*x + 1. Let v = 249 + -618. Let f = 367 + v. What is r(f)?
-11
Let h(o) be the first derivative of o**2 + o - 11. Let u = 174 - 181. What is h(u)?
-13
Let n(c) = -c + 57. Suppose -1259*p + w + 19 = -1257*p, -5*p + 58 = -w. Give n(p).
44
Let f(u) be the third derivative of 5*u**4/24 - 33*u**3/2 - 6*u**2 - 109*u. Calculate f(21).
6
Suppose 6*d - 8*d - 5 = v, -25 = 4*d + 5*v. Let s be 0*(d - (-8)/(-48)). Let g(b) = b**3 + b**2 + b + 10. What is g(s)?
10
Let c(n) be the second derivative of -n**5/20 + 7*n**4/6 - 4*n**3 - 3*n**2/2 + 5987*n. Give c(12).
-3
Suppose c + 14 = 11, 5*c + 45 = -2*s. Let o(f) = -12 - 4 + 3 - f. Determine o(s).
2
Let v(c) be the third derivative of c**6/120 - c**5/10 - c**4/12 + 5*c**3/6 - 26*c**2. Let r be ((-1)/2)/(52/(-624)). What is v(r)?
-7
Suppose 0 = -r + 112 - 111. Let k be 9/9*(-6)/r. Let n(i) = -3*i - 3. What is n(k)?
15
Let r(y) = -y**2 + y + 85. Let x = 6662 + -6670. Determine r(x).
13
Let p(s) = 2*s**2 - 2*s - 1. Suppose 472*o = 477*o. Determine p(o).
-1
Let t(x) = x**3 + 9*x**2 - x - 8. Let w(q) = 74 + 41*q - 181 + 57 + 82. Let k be w(-1). Determine t(k).
1
Let r(m) = m**3 + m**2 + 10. Let p be r(-2). Let k(c) be the first derivative of -c**2/2 + 25. Calculate k(p).
-6
Suppose -5*h = -5*i + 105, 2*i - 157 = 4*h - 101. Let t(u) = -4*u + 71. Let p(w) = -2*w + 36. Let c(y) = -5*p(y) + 3*t(y). What is c(i)?
5
Let d(j) = 12*j**2 - 8*j - 1. Suppose 668*k - 667*k = -4*y - 7, 0 = -3*y - 6. What is d(k)?
3
Suppose 2*m = -8, 15*r = 18*r + 3*m - 261. Let z(q) = -3*q + 51*q**2 - 3 + 35*q**2 - q**3 - r*q**2. What is z(-5)?
12
Let k(o) = o**2 + 0*o + 16 + 0 - o. Suppose 8 = 185*v - 180*v + f, -40 = v - 5*f. Give k(v).
16
Suppose 3*d + 0*d - 9 = 0. Let k(o) = -2*o**3 - o**2 - 4*o - 2. Let l be k(-1). Let n(f) = 6*f - 4*f**2 + 3*f**2 + 3 - l*f. Calculate n(d).
3
Suppose -2*i + 2*k = 0, -k = -i - 5*k. Suppose -p = -2*y + 132, i*y - 340 = -5*y + 5*p. Let c(l) = -y*l + 6 - 3 + l**2 + 66*l. Calculate c(-5).
18
Let s(w) = -5*w**3 + 5*w**3 - w + 1 - 2*w**2 + w**3. Let k(a) = a**2 + 29*a + 142. Let c be k(-23). Suppose 2*l + 0 - 4 = -c*n, 4*n = 0. Give s(l).
-1
Let t(x) = 40*x - 437. Let d be t(11). Let o(s) be the third derivative of s**6/120 - s**5/15 - s**4/12 + 2*s**3/3 - 4*s**2. Give o(d).
-11
Let x(m) = -47 + m**2 + m**2 - 3*m**2 - 18*m - 11 + 2*m**2. What is x(-3)?
5
Let z(w) = -8*w + 1. Suppose 8*f = 6*f + 60. Suppose f = 9*h + 3. Suppose h*p - 7 + 4 = 0. Calculate z(p).
-7
Suppose 19 = 5*q + 4*c, -58*q + 61*q - 2*c = -15. Let f(l) be the second derivative of 16*l**3/3 - 2*l. Calculate f(q).
-32
Suppose -10*y = -12*y + 6. Suppose 0*w = w - y. Let h(d) be the second derivative of d**3/3 + d**2/2 + 224*d. Determine h(w).
7
Let m(f) = 2*f**2 + 6*f - 60. Let z(v) = 203*v**2 + 1015*v - 7. Let d be z(-5). Give m(d).
-4
Let v be (-2 - -1) + 1 + 6. Suppose -17 = q + 3*r - v, -8 = 4*r. Let i(b) be the first derivative of b**2 + 3*b + 58. What is i(q)?
-7
Let b(a) be the second derivative of -2 - 7/12*a**4 + 0*a**3 + 59*a + 0*a**2. Determine b(-1).
-7
Let i(r) = 3*r - 1. Suppose -263*u = -261*u - 10. Suppose -3*c + 5 = -2*y, 7*y - u*y + 3*c = 13. Give i(y).
5
Let u = 46 + -40. Let k(n) be the first derivative of u*n - 2*n**2 + 5 - 3*n + 3*n**2 + 11. What is k(-5)?
-7
Suppose 0 = -f + 134 + 60. Let t = f - 197. Let m(j) = 4*j - 4*j**2 + 2*j**2 + 0*j**2 - j**3. Calculate m(t).
-3
Let z(x) = -10*x**3 + 100*x**2 + 54*x - 28. Let o(m) = -2*m**3 + 21*m**2 + 11*m - 6. Let f(w) = 19*o(w) - 4*z(w). What is f(